{"id":6102,"date":"2025-01-08T15:23:18","date_gmt":"2025-01-08T15:23:18","guid":{"rendered":"https:\/\/officecomputers.net\/?post_type=product&#038;p=6102"},"modified":"2025-02-25T16:08:21","modified_gmt":"2025-02-25T16:08:21","slug":"impresora-epson-fx-890ii","status":"publish","type":"product","link":"https:\/\/officecomputers.net\/index.php\/product\/impresora-epson-fx-890ii\/","title":{"rendered":"impresora epson fx 890ii"},"content":{"rendered":"<p><b data-cnet-ccs-icb-annotation=\"true\">IMPRESORA<\/b><\/p>\n<ul data-cnet-ccs-icb-annotation=\"true\">\n<li data-cnet-ccs-icb-annotation=\"true\">M\u00e9todo de impresi\u00f3n: Matricial de 9 agujas<\/li>\n<li data-cnet-ccs-icb-annotation=\"true\">Direcci\u00f3n de impresi\u00f3n: Bidireccional con b\u00fasqueda de l\u00f3gica para texto y gr\u00e1ficos. La impresi\u00f3n de texto o gr\u00e1fica unidireccional se puede seleccionar mediante los comandos de software<\/li>\n<li data-cnet-ccs-icb-annotation=\"true\">Columnas Imprimibles: 80 (10 cpi), 96 (12 cpi), 120 (15 cpi), 137 (17 cpi), 160 (20 cpi)<\/li>\n<li data-cnet-ccs-icb-annotation=\"true\">Formato: Espacio entre l\u00edneas 4,23mm (1\/6&#8243;) o programable en incrementos de 0,059 mm (1\/432&#8243;)<\/li>\n<li data-cnet-ccs-icb-annotation=\"true\">Fuentes residentes (cpp):\n<ul data-cnet-ccs-icb-annotation=\"true\">\n<li data-cnet-ccs-icb-annotation=\"true\">Borrador de velocidad ultra r\u00e1pida: 10, 12 cpi<\/li>\n<li data-cnet-ccs-icb-annotation=\"true\">Borrador alta velocidad: 10, 12, 15, 17, 20 cpi<\/li>\n<li data-cnet-ccs-icb-annotation=\"true\">Borrador: 10, 12, 15, 17, 20 cpi<\/li>\n<\/ul>\n<\/li>\n<li data-cnet-ccs-icb-annotation=\"true\">Fuentes para c\u00f3digos de barras:\n<ul data-cnet-ccs-icb-annotation=\"true\">\n<li data-cnet-ccs-icb-annotation=\"true\">NLQ (Roman\/Sans Serif) 10, 12, 15, 17, 20 cpi proporcional<\/li>\n<li data-cnet-ccs-icb-annotation=\"true\">EAN-13, EAN-8, Interleaved 2 of 5, UPC-A, UPC-E, Code 39, Code 128, POSTNET, Codabar (NW-7), Industrial 2 of 5, Matrix 2 of 5<\/li>\n<\/ul>\n<\/li>\n<li data-cnet-ccs-icb-annotation=\"true\">Lenguages de impresora:\n<ul data-cnet-ccs-icb-annotation=\"true\">\n<li data-cnet-ccs-icb-annotation=\"true\">Epson: ESC\/P<\/li>\n<li data-cnet-ccs-icb-annotation=\"true\">IBM: PPDS<\/li>\n<li data-cnet-ccs-icb-annotation=\"true\">Okidata: MICROLINE<sup data-cnet-ccs-icb-annotation=\"true\">\u00ae<\/sup>\u00a0(Solo con el modo Okidata)<\/li>\n<\/ul>\n<\/li>\n<\/ul>\n<p><br data-cnet-ccs-icb-annotation=\"true\" \/><b data-cnet-ccs-icb-annotation=\"true\">VELOCIDAD DE IMPRESI\u00d3N<\/b><\/p>\n<ul data-cnet-ccs-icb-annotation=\"true\">\n<li data-cnet-ccs-icb-annotation=\"true\">Borrador de velocidad ultra r\u00e1pida:\n<ul data-cnet-ccs-icb-annotation=\"true\">\n<li data-cnet-ccs-icb-annotation=\"true\">738 CPS (12 cpi)<\/li>\n<li data-cnet-ccs-icb-annotation=\"true\">615 CPS (10 cpi)<\/li>\n<\/ul>\n<\/li>\n<li data-cnet-ccs-icb-annotation=\"true\">Borrador de alta velocidad: 612 CPS (10 cpi)<\/li>\n<li data-cnet-ccs-icb-annotation=\"true\">Borrador: 463 CPS (10 cpi)<\/li>\n<li data-cnet-ccs-icb-annotation=\"true\">Carta NLQ: 115 CPS (10 cpi)<\/li>\n<\/ul>\n<p><br data-cnet-ccs-icb-annotation=\"true\" \/><b data-cnet-ccs-icb-annotation=\"true\">MECANISMO DE ALIMENTACI\u00d3N DEL PAPEL<\/b><\/p>\n<ul data-cnet-ccs-icb-annotation=\"true\">\n<li data-cnet-ccs-icb-annotation=\"true\">Alimentaci\u00f3n por fricci\u00f3n (delantera, trasera)<\/li>\n<li data-cnet-ccs-icb-annotation=\"true\">Tractor de empuje (delantero, trasero)<\/li>\n<li data-cnet-ccs-icb-annotation=\"true\">Tractor de tracci\u00f3n (delantero, debajo trasero)<\/li>\n<li data-cnet-ccs-icb-annotation=\"true\">Tractor de empuje y tracci\u00f3n (delantero, debajo trasero)<\/li>\n<li data-cnet-ccs-icb-annotation=\"true\">Alimentador con hoja de corte (opcional)<\/li>\n<li data-cnet-ccs-icb-annotation=\"true\">Base de papel en rollo (opcional)<\/li>\n<li data-cnet-ccs-icb-annotation=\"true\">Velocidad del dispensador de papel: 4,23mm (1\/6&#8243;) en 45 mil\u00e9simas de segundo \/ 13,46cm (5,3&#8243;) por segundo de alimentaci\u00f3n continua<\/li>\n<\/ul>\n<p><br data-cnet-ccs-icb-annotation=\"true\" \/><b data-cnet-ccs-icb-annotation=\"true\">ACCESO DEL PAPEL<\/b><\/p>\n<ul data-cnet-ccs-icb-annotation=\"true\">\n<li data-cnet-ccs-icb-annotation=\"true\">Inserci\u00f3n manual: Entrada delantera o trasera, salida superior<\/li>\n<li data-cnet-ccs-icb-annotation=\"true\">Alimentador con hoja de corte: Entrada trasera, salida superior<\/li>\n<li data-cnet-ccs-icb-annotation=\"true\">Tractor: Entrada delantera o inferior, salida superior<\/li>\n<li data-cnet-ccs-icb-annotation=\"true\">Tractor de estiro y tracci\u00f3n: Entrada delantera o trasera, salida superior<\/li>\n<\/ul>\n<p><br data-cnet-ccs-icb-annotation=\"true\" \/><b data-cnet-ccs-icb-annotation=\"true\">MANEJO DEL PAPEL<\/b><\/p>\n<ul data-cnet-ccs-icb-annotation=\"true\">\n<li data-cnet-ccs-icb-annotation=\"true\">Tipo de medio: Formularios, continuo, multiparte original + 5 copias sin carb\u00f3n, 1 + 6 copias con tractor de tracci\u00f3n (opcional), sobre No.6, sobre No.10, etiquetas, y rollo de papel<\/li>\n<li data-cnet-ccs-icb-annotation=\"true\">Ancho:\n<ul data-cnet-ccs-icb-annotation=\"true\">\n<li data-cnet-ccs-icb-annotation=\"true\">Una p\u00e1gina 9,906cm &#8211; 25,654cm (3,9&#8243; &#8211; 10,1&#8243;)<\/li>\n<li data-cnet-ccs-icb-annotation=\"true\">Continuo 10,16cm &#8211; 25,4cm (4&#8243; &#8211; 10&#8243;)<\/li>\n<li data-cnet-ccs-icb-annotation=\"true\">Alimentador de hojas sueltas 18,288cm &#8211; 21,59cm (7,2&#8243; &#8211; 8,5&#8243;)<\/li>\n<\/ul>\n<\/li>\n<li data-cnet-ccs-icb-annotation=\"true\">Longitud:\n<ul data-cnet-ccs-icb-annotation=\"true\">\n<li data-cnet-ccs-icb-annotation=\"true\">Una p\u00e1gina 9,906cm &#8211; 36,322cm (3,9&#8243; &#8211; 14,3&#8243;)<\/li>\n<li data-cnet-ccs-icb-annotation=\"true\">Continuo 10,16cm &#8211; 55,88cm (4&#8243; &#8211; 22&#8243;)<\/li>\n<li data-cnet-ccs-icb-annotation=\"true\">Alimentador de hojas sueltas 25,654cm &#8211; 35,56cm (10,1&#8243; &#8211; 14&#8243;)<\/li>\n<\/ul>\n<\/li>\n<li data-cnet-ccs-icb-annotation=\"true\">Grosor M\u00e1ximo: 0,4572mm (0,018&#8243;)<\/li>\n<\/ul>\n<p><br data-cnet-ccs-icb-annotation=\"true\" \/><b data-cnet-ccs-icb-annotation=\"true\">COMPATIBILIDAD<\/b><\/p>\n<ul data-cnet-ccs-icb-annotation=\"true\">\n<li data-cnet-ccs-icb-annotation=\"true\">Buffer de entrada: Tama\u00f1o: 128KB<\/li>\n<li data-cnet-ccs-icb-annotation=\"true\">Interfaces:\n<ul data-cnet-ccs-icb-annotation=\"true\">\n<li data-cnet-ccs-icb-annotation=\"true\">Est\u00e1ndar: Bidireccional paralela (IEEE-1284 modo Nibble), USB 2.0<\/li>\n<li data-cnet-ccs-icb-annotation=\"true\">Opcional (Configuraci\u00f3n hecha en f\u00e1brica) (Disponible solo para FX-890II NT): Tarjeta Serial de Interfaz \/ Red 10\/100 Base-TX tarjeta de Interfaz<\/li>\n<\/ul>\n<\/li>\n<li data-cnet-ccs-icb-annotation=\"true\">Sistema operativo: Windows Vista, 7, XP, 8, 10, Server 2003, 2008, 2012 y 2016<\/li>\n<\/ul>\n<p><br data-cnet-ccs-icb-annotation=\"true\" \/><b data-cnet-ccs-icb-annotation=\"true\">INFORMACI\u00d3N GENERAL<\/b><\/p>\n<ul data-cnet-ccs-icb-annotation=\"true\">\n<li data-cnet-ccs-icb-annotation=\"true\">Dimensiones f\u00edsicas: 437mm x 375mm x 176,5mm (ancho x prof.x alto)<\/li>\n<li data-cnet-ccs-icb-annotation=\"true\">Peso: Peso: 7,2Kg<\/li>\n<li data-cnet-ccs-icb-annotation=\"true\">Requisitos el\u00e9ctricos:\n<ul data-cnet-ccs-icb-annotation=\"true\">\n<li data-cnet-ccs-icb-annotation=\"true\">Voltaje AC 100V &#8211; 240V<\/li>\n<li data-cnet-ccs-icb-annotation=\"true\">Rango de voltaje de entrada de AC 90 hasta 264V<\/li>\n<li data-cnet-ccs-icb-annotation=\"true\">Rango de frecuencia de 50 hasta 60Hz<\/li>\n<li data-cnet-ccs-icb-annotation=\"true\">Rango de frecuencia de entrada de 49,5 hasta 60,5Hz<\/li>\n<\/ul>\n<\/li>\n<li data-cnet-ccs-icb-annotation=\"true\">Consumo de energ\u00eda: Modo operativo: 57W aproximadamente (patr\u00f3n de letro ISO\/IEC 10561)<\/li>\n<li data-cnet-ccs-icb-annotation=\"true\">Nivel de ruido: Ruido 55dBA (patr\u00f3n ISO 7779)<\/li>\n<li data-cnet-ccs-icb-annotation=\"true\">Garant\u00eda: 1 a\u00f1o<\/li>\n<\/ul>\n<p><br data-cnet-ccs-icb-annotation=\"true\" \/><b data-cnet-ccs-icb-annotation=\"true\">CONFIABILIDAD<\/b><\/p>\n<ul data-cnet-ccs-icb-annotation=\"true\">\n<li data-cnet-ccs-icb-annotation=\"true\">MTBF: 25.000 POH (ciclo de trabajo del 25%)<\/li>\n<li data-cnet-ccs-icb-annotation=\"true\">MVBF: 52 millones de l\u00edneas (con excepci\u00f3n de cabeza de impresi\u00f3n)<\/li>\n<li data-cnet-ccs-icb-annotation=\"true\">Duraci\u00f3n del cabezal de impresi\u00f3n: 400 millones de caracteres (14 puntos \/ caracter)<\/li>\n<li data-cnet-ccs-icb-annotation=\"true\">Duraci\u00f3n de cinta de impresi\u00f3n: 7,5 millones de caracteres (14 puntos \/ caracter)<\/li>\n<\/ul>\n<p><br data-cnet-ccs-icb-annotation=\"true\" \/><b data-cnet-ccs-icb-annotation=\"true\">INFORMACION PARA PEDIDO<\/b><\/p>\n<ul data-cnet-ccs-icb-annotation=\"true\">\n<li data-cnet-ccs-icb-annotation=\"true\">FX-890II AR: C11CF37302<\/li>\n<li data-cnet-ccs-icb-annotation=\"true\">FX-890II N AR: C11CF37304<\/li>\n<li data-cnet-ccs-icb-annotation=\"true\">FX-890II A: C11CF37404<\/li>\n<li data-cnet-ccs-icb-annotation=\"true\">FX-890II BR: C11CF37301<\/li>\n<li data-cnet-ccs-icb-annotation=\"true\">FX-890II N BR: C11CF37303<\/li>\n<li data-cnet-ccs-icb-annotation=\"true\">FX-890II UPS (todos los pa\u00edses restantes): C11CF37201<\/li>\n<li data-cnet-ccs-icb-annotation=\"true\">FX-890II N UPS (todos los pa\u00edses restantes): C11CF37202<\/li>\n<li data-cnet-ccs-icb-annotation=\"true\">Cartucho de cinta: S015329<\/li>\n<li data-cnet-ccs-icb-annotation=\"true\">Tractor de empuje y tracci\u00f3n adicional: C12C933761<\/li>\n<li data-cnet-ccs-icb-annotation=\"true\">Gu\u00eda de papel de una sola hoja: C12C933781<\/li>\n<li data-cnet-ccs-icb-annotation=\"true\">Alimentador de hojas sueltas de un contenedor: C806371<\/li>\n<li data-cnet-ccs-icb-annotation=\"true\">Alimentador de hojas sueltas de alta capacidad: C806381<\/li>\n<li data-cnet-ccs-icb-annotation=\"true\">Base de papel en rollo: C12C811141<\/li>\n<\/ul>\n","protected":false},"excerpt":{"rendered":"<p>La serie Epson FX-890II ofrece durabilidad y facilidad de uso para los exigentes requisitos de la impresi\u00f3n diaria. Estas fiables impresoras de impacto, de 9 pines y de carro angosto, cuentan con un largo ciclo de vida y velocidades de hasta 738 cps1. Su cartucho de cinta de hasta 7,5 millones de caracteres2 reduce las intervenciones del usuario, as\u00ed como el costo por p\u00e1gina. Dise\u00f1adas para una perfecta integraci\u00f3n en pr\u00e1cticamente cualquier sistema, incluye los lenguajes de impresi\u00f3n Epson ESC \/ P\u00ae, IBM\u00ae PPDS e MICROLINE\u00ae. Ideal para entornos agresivos, trabajan con hojas sueltas, formas continuas o multicopias de hasta 7 p\u00e1ginas de espesor, y cuentan con un panel de control intuitivo para facilitar la configuraci\u00f3n y el funcionamiento.<\/p>\n","protected":false},"featured_media":6095,"comment_status":"open","ping_status":"closed","template":"","meta":[],"product_brand":[],"product_cat":[186],"product_tag":[],"class_list":{"0":"post-6102","1":"product","2":"type-product","3":"status-publish","4":"has-post-thumbnail","6":"product_cat-impresoras","7":"yith_product_brand-epson","9":"first","10":"instock","11":"taxable","12":"shipping-taxable","13":"product-type-simple"},"acf":[],"jetpack_sharing_enabled":true,"_links":{"self":[{"href":"https:\/\/officecomputers.net\/index.php\/wp-json\/wp\/v2\/product\/6102","targetHints":{"allow":["GET"]}}],"collection":[{"href":"https:\/\/officecomputers.net\/index.php\/wp-json\/wp\/v2\/product"}],"about":[{"href":"https:\/\/officecomputers.net\/index.php\/wp-json\/wp\/v2\/types\/product"}],"replies":[{"embeddable":true,"href":"https:\/\/officecomputers.net\/index.php\/wp-json\/wp\/v2\/comments?post=6102"}],"version-history":[{"count":0,"href":"https:\/\/officecomputers.net\/index.php\/wp-json\/wp\/v2\/product\/6102\/revisions"}],"wp:featuredmedia":[{"embeddable":true,"href":"https:\/\/officecomputers.net\/index.php\/wp-json\/wp\/v2\/media\/6095"}],"wp:attachment":[{"href":"https:\/\/officecomputers.net\/index.php\/wp-json\/wp\/v2\/media?parent=6102"}],"wp:term":[{"taxonomy":"product_brand","embeddable":true,"href":"https:\/\/officecomputers.net\/index.php\/wp-json\/wp\/v2\/product_brand?post=6102"},{"taxonomy":"product_cat","embeddable":true,"href":"https:\/\/officecomputers.net\/index.php\/wp-json\/wp\/v2\/product_cat?post=6102"},{"taxonomy":"product_tag","embeddable":true,"href":"https:\/\/officecomputers.net\/index.php\/wp-json\/wp\/v2\/product_tag?post=6102"}],"curies":[{"name":"wp","href":"https:\/\/api.w.org\/{rel}","templated":true}]}}