{"id":6098,"date":"2025-01-08T15:20:08","date_gmt":"2025-01-08T15:20:08","guid":{"rendered":"https:\/\/officecomputers.net\/?post_type=product&#038;p=6098"},"modified":"2025-02-25T16:08:30","modified_gmt":"2025-02-25T16:08:30","slug":"fotocopiadora-canon-ir-1643if-image-runner","status":"publish","type":"product","link":"https:\/\/officecomputers.net\/index.php\/product\/fotocopiadora-canon-ir-1643if-image-runner\/","title":{"rendered":"FOTOCOPIADORA CANON IR-1643IF IMAGE RUNNER"},"content":{"rendered":"<table>\n<tbody>\n<tr>\n<td>Nombre del modelo<\/td>\n<td>imageRUNNER 1643iF<\/td>\n<\/tr>\n<tr>\n<td>Tipo<\/td>\n<td>Multifuncional l\u00e1ser monocrom\u00e1tica A4<\/td>\n<\/tr>\n<tr>\n<td>Funciones<\/td>\n<td>Impresi\u00f3n, copiado, escaneo, env\u00edo<\/td>\n<\/tr>\n<tr>\n<td>Panel de operaci\u00f3n<\/td>\n<td>Panel t\u00e1ctil en color, WVGA, LCD TFT de 5&#8243;<\/td>\n<\/tr>\n<tr>\n<td>Sistema de procesamiento de im\u00e1genes<\/td>\n<td>Dos procesadores personalizados de Canon (Compartidos)<\/td>\n<\/tr>\n<tr>\n<td>Memoria del servidor de imagen<\/td>\n<td>RAM de 1.0 GB<\/td>\n<\/tr>\n<tr>\n<td>Conexi\u00f3n de interfaz de red<\/td>\n<td>1000Base-T\/100Base-TX\/10-Base-T, LAN inal\u00e1mbrica (IEEE 802.11 b\/g\/n), NFC (1643iF solamente), Conexi\u00f3n Wi-Fi Direct<\/td>\n<\/tr>\n<tr>\n<td>Otra interfaz<\/td>\n<td>USB 2.0 (anfitri\u00f3n) x2, USB 2.0 (dispositivo) x1<\/td>\n<\/tr>\n<tr>\n<td>Cantidad m\u00e1xima de buzones aceptados<\/td>\n<td>LDAP (50)\/Local (300)\/Discado veloz (281)<\/td>\n<\/tr>\n<tr>\n<td class=\"section label\">Buz\u00f3n avanzado<\/td>\n<td><\/td>\n<\/tr>\n<tr>\n<td>Protocolo com\u00fan<\/td>\n<td>Archivo: FTP (TCP\/IP), SMB (TCP\/IP)<br \/>\nCorreo electr\u00f3nico: SMTP, POP3<\/td>\n<\/tr>\n<tr>\n<td>Cantidad m\u00e1xima de conexiones simult\u00e1neas<\/td>\n<td>Uno<\/td>\n<\/tr>\n<tr>\n<td class=\"section label\">Medios de memoria<\/td>\n<td><\/td>\n<\/tr>\n<tr>\n<td>Est\u00e1ndar<\/td>\n<td>USB<\/td>\n<\/tr>\n<tr>\n<td class=\"section label\">Especificaciones de escaneo<\/td>\n<td><\/td>\n<\/tr>\n<tr>\n<td>Escaneo TWAIN en red<\/td>\n<td>Est\u00e1ndar<\/td>\n<\/tr>\n<tr>\n<td>Software utilitario de escaneo en red<\/td>\n<td>ScanGear MF<\/td>\n<\/tr>\n<tr>\n<td class=\"section label\"><\/td>\n<td><\/td>\n<\/tr>\n<tr>\n<td>Reservaci\u00f3n m\u00e1xima de copiado<\/td>\n<td>Hasta 600 x 600<\/td>\n<\/tr>\n<tr>\n<td>Resoluci\u00f3n de escaneo<\/td>\n<td>Hasta 600 x 600<\/td>\n<\/tr>\n<tr>\n<td>Resoluci\u00f3n de impresi\u00f3n<\/td>\n<td>600 \u00d7 600<\/td>\n<\/tr>\n<tr>\n<td class=\"section label\">Velocidad de copiado\/impresi\u00f3n (B y N\/Color)<\/td>\n<td><\/td>\n<\/tr>\n<tr>\n<td>Carta<\/td>\n<td>Hasta 45 ppm<\/td>\n<\/tr>\n<tr>\n<td>Legal<\/td>\n<td>Hasta 36 ppm<\/td>\n<\/tr>\n<tr>\n<td class=\"section label\">Especificaciones de copiado<\/td>\n<td><\/td>\n<\/tr>\n<tr>\n<td>Tiempo de entrega de la primera copia<\/td>\n<td>Tan r\u00e1pido como 6.0 segundos (mediante el vidrio de copiado)<\/td>\n<\/tr>\n<tr>\n<td>Copias m\u00faltiples<\/td>\n<td>Hasta 999<\/td>\n<\/tr>\n<tr>\n<td>Ampliaci\u00f3n<\/td>\n<td>De 25% a 400% (en incrementos de 1%) desde el vidrio de copiado<\/td>\n<\/tr>\n<tr>\n<td>Porcentajes de reducci\u00f3n preconfigurados<\/td>\n<td>25%, 50%, 64%, 78%<\/td>\n<\/tr>\n<tr>\n<td>Porcentajes de ampliaci\u00f3n preconfigurados<\/td>\n<td>129%, 200%, 400%<\/td>\n<\/tr>\n<tr>\n<td>Originales aceptables<\/td>\n<td>Hojas, libros, objetos tridimensionales<\/td>\n<\/tr>\n<tr>\n<td>Tama\u00f1o m\u00e1ximo del original<\/td>\n<td>Hasta 8 1\/2&#8243; x 11<\/td>\n<\/tr>\n<tr>\n<td>Capacidad est\u00e1ndar de papel<\/td>\n<td>Casete de papel de 550 hojas<\/td>\n<\/tr>\n<tr>\n<td>Opcional<\/td>\n<td>ALIMENTADOR DE PAPEL PF-C1 de 550 hojas (hasta 3)<\/td>\n<\/tr>\n<tr>\n<td>Alimentador manual m\u00faltiple<\/td>\n<td>Alimentador manual m\u00faltiple de 100 hojas<\/td>\n<\/tr>\n<tr>\n<td>Capacidad m\u00e1xima de papel<\/td>\n<td>2,300 hojas<\/td>\n<\/tr>\n<tr>\n<td>Capacidad de papel de la salida<\/td>\n<td>M\u00e1ximo: 250 hojas<\/td>\n<\/tr>\n<tr>\n<td class=\"section label\">Tama\u00f1os de salida<\/td>\n<td><\/td>\n<\/tr>\n<tr>\n<td>Casete<\/td>\n<td>Carta, Legal, Mediacarta, Executive<\/td>\n<\/tr>\n<tr>\n<td>Alimentador manual m\u00faltiple<\/td>\n<td>Carta, Legal, Mediacarta, Executive, Tama\u00f1o personalizado (de 3&#8243; x 5&#8243; a 8 1\/2&#8243; x 14&#8243;), Sobres (C5\/DL\/COM-10\/Monarch)<\/td>\n<\/tr>\n<tr>\n<td class=\"section label\">Pesos de papel aceptables<\/td>\n<td><\/td>\n<\/tr>\n<tr>\n<td>Casete<\/td>\n<td>Bond de 16 lb a 32 lb (de 60 a 120 g\/m\u00b2)<\/td>\n<\/tr>\n<tr>\n<td>Alimentador manual m\u00faltiple<\/td>\n<td>Bond de 16 lb a Cover de 73 lb (de 60 a 199 g\/m\u00b2)<\/td>\n<\/tr>\n<tr>\n<td class=\"section label\">Funci\u00f3n bilateral<\/td>\n<td><\/td>\n<\/tr>\n<tr>\n<td>Funci\u00f3n bilateral<\/td>\n<td>Alimentador autom\u00e1tico de documentos a dos caras<\/td>\n<\/tr>\n<tr>\n<td>Tama\u00f1o del papel<\/td>\n<td>De 4 1\/8&#8243; x 5&#8243; a 8 1\/2&#8243; x 14&#8243;<\/td>\n<\/tr>\n<tr>\n<td>Peso de papel<\/td>\n<td>Una cara: Bond de 13 lb a 28 lb (de 50 a 105 g\/m\u00b2)<br \/>\nA dos caras: Bond de 17 lb a 28 lb (de 64 a 105 g\/m\u00b2)<\/td>\n<\/tr>\n<tr>\n<td class=\"section label\"><\/td>\n<td><\/td>\n<\/tr>\n<tr>\n<td>Tiempo de calentamiento<\/td>\n<td>Desde la activaci\u00f3n de la energ\u00eda: 14 segundos o menos<sup>2<\/sup><br \/>\nDesde el Modo Dormir: 4 segundos o menos<\/td>\n<\/tr>\n<tr>\n<td>Requisitos de energ\u00eda<\/td>\n<td>De 120 a 127 V, 60 Hz, 7.1 A<\/td>\n<\/tr>\n<tr>\n<td>Consumo de energ\u00eda<\/td>\n<td>M\u00e1ximo: 1,500 W<br \/>\nModo Dormir: 0.9 W o menos<sup>5<\/sup><\/td>\n<\/tr>\n<tr>\n<td>Enchufe<\/td>\n<td>NEMA 5-15P<\/td>\n<\/tr>\n<tr>\n<td>Dimensi\u00f3n<\/td>\n<td>18-7\/8&#8243; x 23 1\/2&#8243; x 17 3\/4&#8243; (480 mm x 595 mm x 452 mm)<\/td>\n<\/tr>\n<tr>\n<td>Espacio de instalaci\u00f3n<\/td>\n<td>27 3\/8&#8243; x 43 1\/2&#8243; (694 mm x 1105 mm)<\/td>\n<\/tr>\n<tr>\n<td>Peso<\/td>\n<td>aprox. 41.9 lb (19 kg)\u00a0<sup>3<\/sup><\/td>\n<\/tr>\n<tr>\n<td class=\"section label\"><\/td>\n<td><\/td>\n<\/tr>\n<tr>\n<td>Caracter\u00edsticas b\u00e1sicas de copiado<\/td>\n<td>Porcentajes preconfigurados de ampliaci\u00f3n\/reducci\u00f3n por \u00e1rea, Configuraciones del papel, Configuraciones favoritas, A dos caras, Ajuste de densidad, Selecci\u00f3n del tipo de original<\/td>\n<\/tr>\n<tr>\n<td>Caracter\u00edsticas especiales de copiado<\/td>\n<td>Original de dos caras, Clasificaci\u00f3n, Creaci\u00f3n de trabajos, N en 1, Originales de diferentes tama\u00f1os, Ajuste de la densidad, Selecci\u00f3n del tipo de original, Nitidez, Borrado de marco, Copiado de tarjeta de identificaci\u00f3n<\/td>\n<\/tr>\n<tr>\n<td class=\"section label\">Caracter\u00edsticas de seguridad<\/td>\n<td><\/td>\n<\/tr>\n<tr>\n<td>Est\u00e1ndar<\/td>\n<td>Autenticaci\u00f3n: Autenticaci\u00f3n de ID de departamento y Universal Login Manager integrado con uniFLOW Online\/Online Express,4 Filtro de direcci\u00f3n IP\/MAC, IPSEC, Comunicaci\u00f3n TLS Encriptada, SNMP V3.0, IEEE 802.1X, IPv6, Autenticaci\u00f3n SMTP, Autenticaci\u00f3n POP antes que SMTP, Impresi\u00f3n segura, PDF encriptado, Firma del dispositivo<\/td>\n<\/tr>\n<tr>\n<td>Opcional<\/td>\n<td>Autenticaci\u00f3n: uniFLOW<\/td>\n<\/tr>\n<tr>\n<td class=\"section label\"><\/td>\n<td><\/td>\n<\/tr>\n<tr>\n<td>Caracter\u00edsticas ambientales<\/td>\n<td>Certificaci\u00f3n ENERGY STAR<sup>\u00ae<\/sup><br \/>\nCalificaci\u00f3n Oro de EPEAT<sup>\u00ae<\/sup><sup>1<\/sup><\/td>\n<\/tr>\n<\/tbody>\n<\/table>\n","protected":false},"excerpt":{"rendered":"<p>Los negocios y grupos de trabajo corporativos peque\u00f1os dependen de soluciones que les ayuden a maximizar sus recursos, impulsen su productividad y que sean f\u00e1ciles de manejar. La rentable serie imageRUNNER 1643iF hace todo esto y mucho m\u00e1s. Con entregas, escaneos, env\u00edos por fax de manera r\u00e1pida y alta fiabilidad, los dispositivos multifuncionales imageRUNNER 1643iF le ayudan a lograr mucho en un espacio compacto.<\/p>\n","protected":false},"featured_media":6099,"comment_status":"open","ping_status":"closed","template":"","meta":[],"product_brand":[],"product_cat":[186],"product_tag":[],"class_list":{"0":"post-6098","1":"product","2":"type-product","3":"status-publish","4":"has-post-thumbnail","6":"product_cat-impresoras","7":"yith_product_brand-canon","9":"first","10":"instock","11":"taxable","12":"shipping-taxable","13":"product-type-simple"},"acf":[],"jetpack_sharing_enabled":true,"_links":{"self":[{"href":"https:\/\/officecomputers.net\/index.php\/wp-json\/wp\/v2\/product\/6098","targetHints":{"allow":["GET"]}}],"collection":[{"href":"https:\/\/officecomputers.net\/index.php\/wp-json\/wp\/v2\/product"}],"about":[{"href":"https:\/\/officecomputers.net\/index.php\/wp-json\/wp\/v2\/types\/product"}],"replies":[{"embeddable":true,"href":"https:\/\/officecomputers.net\/index.php\/wp-json\/wp\/v2\/comments?post=6098"}],"version-history":[{"count":0,"href":"https:\/\/officecomputers.net\/index.php\/wp-json\/wp\/v2\/product\/6098\/revisions"}],"wp:featuredmedia":[{"embeddable":true,"href":"https:\/\/officecomputers.net\/index.php\/wp-json\/wp\/v2\/media\/6099"}],"wp:attachment":[{"href":"https:\/\/officecomputers.net\/index.php\/wp-json\/wp\/v2\/media?parent=6098"}],"wp:term":[{"taxonomy":"product_brand","embeddable":true,"href":"https:\/\/officecomputers.net\/index.php\/wp-json\/wp\/v2\/product_brand?post=6098"},{"taxonomy":"product_cat","embeddable":true,"href":"https:\/\/officecomputers.net\/index.php\/wp-json\/wp\/v2\/product_cat?post=6098"},{"taxonomy":"product_tag","embeddable":true,"href":"https:\/\/officecomputers.net\/index.php\/wp-json\/wp\/v2\/product_tag?post=6098"}],"curies":[{"name":"wp","href":"https:\/\/api.w.org\/{rel}","templated":true}]}}