{"id":6081,"date":"2025-01-07T20:17:55","date_gmt":"2025-01-07T20:17:55","guid":{"rendered":"https:\/\/officecomputers.net\/?post_type=product&#038;p=6081"},"modified":"2025-02-25T19:54:12","modified_gmt":"2025-02-25T19:54:12","slug":"audifono-logitech-gaming-3-5mm-grisverde-astro-a10","status":"publish","type":"product","link":"https:\/\/officecomputers.net\/index.php\/product\/audifono-logitech-gaming-3-5mm-grisverde-astro-a10\/","title":{"rendered":"Audifono Logitech Gaming 3.5Mm GrisVerde Astro A10"},"content":{"rendered":"","protected":false},"excerpt":{"rendered":"<p>Con el sonido ASTRO personalizado, el micr\u00f3fono con brazo abatible y silenciable y una diadema ultrarresistente, los auriculares para juegos con cable A10 te sacar\u00e1n del sof\u00e1 y te meter\u00e1n de lleno en la acci\u00f3n de tus juegos favoritos.<\/p>\n","protected":false},"featured_media":6082,"comment_status":"open","ping_status":"closed","template":"","meta":[],"product_brand":[],"product_cat":[81],"product_tag":[],"class_list":{"0":"post-6081","1":"product","2":"type-product","3":"status-publish","4":"has-post-thumbnail","6":"product_cat-perifericos","7":"yith_product_brand-logitech","9":"first","10":"instock","11":"taxable","12":"shipping-taxable","13":"product-type-simple"},"acf":[],"jetpack_sharing_enabled":true,"_links":{"self":[{"href":"https:\/\/officecomputers.net\/index.php\/wp-json\/wp\/v2\/product\/6081","targetHints":{"allow":["GET"]}}],"collection":[{"href":"https:\/\/officecomputers.net\/index.php\/wp-json\/wp\/v2\/product"}],"about":[{"href":"https:\/\/officecomputers.net\/index.php\/wp-json\/wp\/v2\/types\/product"}],"replies":[{"embeddable":true,"href":"https:\/\/officecomputers.net\/index.php\/wp-json\/wp\/v2\/comments?post=6081"}],"version-history":[{"count":0,"href":"https:\/\/officecomputers.net\/index.php\/wp-json\/wp\/v2\/product\/6081\/revisions"}],"wp:featuredmedia":[{"embeddable":true,"href":"https:\/\/officecomputers.net\/index.php\/wp-json\/wp\/v2\/media\/6082"}],"wp:attachment":[{"href":"https:\/\/officecomputers.net\/index.php\/wp-json\/wp\/v2\/media?parent=6081"}],"wp:term":[{"taxonomy":"product_brand","embeddable":true,"href":"https:\/\/officecomputers.net\/index.php\/wp-json\/wp\/v2\/product_brand?post=6081"},{"taxonomy":"product_cat","embeddable":true,"href":"https:\/\/officecomputers.net\/index.php\/wp-json\/wp\/v2\/product_cat?post=6081"},{"taxonomy":"product_tag","embeddable":true,"href":"https:\/\/officecomputers.net\/index.php\/wp-json\/wp\/v2\/product_tag?post=6081"}],"curies":[{"name":"wp","href":"https:\/\/api.w.org\/{rel}","templated":true}]}}