{"id":4145,"date":"2023-09-21T21:31:57","date_gmt":"2023-09-21T21:31:57","guid":{"rendered":"https:\/\/officecomputers.net\/?post_type=product&#038;p=4145"},"modified":"2025-04-03T20:01:34","modified_gmt":"2025-04-03T20:01:34","slug":"toner-hp-w1103ad-103a-negro-neverstop-1000a-1000w-1200a-1200w","status":"publish","type":"product","link":"https:\/\/officecomputers.net\/index.php\/product\/toner-hp-w1103ad-103a-negro-neverstop-1000a-1000w-1200a-1200w\/","title":{"rendered":"TONER HP W1103AD 103A NEGRO NEVERSTOP 1000A\/1000W\/1200A\/1200W"},"content":{"rendered":"","protected":false},"excerpt":{"rendered":"<p>Imprima miles de p\u00e1ginas a un costo extremadamente bajo por p\u00e1gina. Es f\u00e1cil con los kits de recarga de t\u00f3ner dise\u00f1ados espec\u00edficamente para el sistema de impresi\u00f3n HP Neverstop Laser. Obtenga la calidad que un l\u00edder del sector ofrece para su oficina a un precio ultrabajo.<\/p>\n","protected":false},"featured_media":4146,"comment_status":"open","ping_status":"closed","template":"","meta":[],"product_brand":[],"product_cat":[191],"product_tag":[],"class_list":{"0":"post-4145","1":"product","2":"type-product","3":"status-publish","4":"has-post-thumbnail","6":"product_cat-consumibles","7":"yith_product_brand-hp","9":"first","10":"instock","11":"taxable","12":"shipping-taxable","13":"product-type-simple"},"acf":[],"jetpack_sharing_enabled":true,"_links":{"self":[{"href":"https:\/\/officecomputers.net\/index.php\/wp-json\/wp\/v2\/product\/4145","targetHints":{"allow":["GET"]}}],"collection":[{"href":"https:\/\/officecomputers.net\/index.php\/wp-json\/wp\/v2\/product"}],"about":[{"href":"https:\/\/officecomputers.net\/index.php\/wp-json\/wp\/v2\/types\/product"}],"replies":[{"embeddable":true,"href":"https:\/\/officecomputers.net\/index.php\/wp-json\/wp\/v2\/comments?post=4145"}],"version-history":[{"count":1,"href":"https:\/\/officecomputers.net\/index.php\/wp-json\/wp\/v2\/product\/4145\/revisions"}],"predecessor-version":[{"id":4148,"href":"https:\/\/officecomputers.net\/index.php\/wp-json\/wp\/v2\/product\/4145\/revisions\/4148"}],"wp:featuredmedia":[{"embeddable":true,"href":"https:\/\/officecomputers.net\/index.php\/wp-json\/wp\/v2\/media\/4146"}],"wp:attachment":[{"href":"https:\/\/officecomputers.net\/index.php\/wp-json\/wp\/v2\/media?parent=4145"}],"wp:term":[{"taxonomy":"product_brand","embeddable":true,"href":"https:\/\/officecomputers.net\/index.php\/wp-json\/wp\/v2\/product_brand?post=4145"},{"taxonomy":"product_cat","embeddable":true,"href":"https:\/\/officecomputers.net\/index.php\/wp-json\/wp\/v2\/product_cat?post=4145"},{"taxonomy":"product_tag","embeddable":true,"href":"https:\/\/officecomputers.net\/index.php\/wp-json\/wp\/v2\/product_tag?post=4145"}],"curies":[{"name":"wp","href":"https:\/\/api.w.org\/{rel}","templated":true}]}}