{"id":4135,"date":"2023-09-21T21:19:40","date_gmt":"2023-09-21T21:19:40","guid":{"rendered":"https:\/\/officecomputers.net\/?post_type=product&#038;p=4135"},"modified":"2025-04-03T20:01:43","modified_gmt":"2025-04-03T20:01:43","slug":"oner-hp-original-ce278a-negro","status":"publish","type":"product","link":"https:\/\/officecomputers.net\/index.php\/product\/oner-hp-original-ce278a-negro\/","title":{"rendered":"TONER HP ORIGINAL CE278A NEGRO"},"content":{"rendered":"","protected":false},"excerpt":{"rendered":"<ul class=\"a-unordered-list a-vertical a-spacing-mini\">\n<li class=\"a-spacing-mini\"><span class=\"a-list-item\">Cuenta con una impresi\u00f3n fiable de alta calidad y ahorra tiempo evitando problemas de impresi\u00f3n comunes: el t\u00f3ner original HP proporciona la experiencia de impresi\u00f3n crucial para la productividad de la oficina<\/span><\/li>\n<li class=\"a-spacing-mini\"><span class=\"a-list-item\">Este cartucho funciona con: HP LaserJet Pro P1566, P1606dn; HP LaserJet Pro MFP M1536dnf<\/span><\/li>\n<li class=\"a-spacing-mini\"><span class=\"a-list-item\">Rendimiento del cartucho (aprox. ): 2.100 p\u00e1ginas<\/span><\/li>\n<li class=\"a-spacing-mini\"><span class=\"a-list-item\">Contenido de la caja: 1 cartucho de t\u00f3ner negro original HP 78A (CE278A)<\/span><\/li>\n<\/ul>\n","protected":false},"featured_media":4136,"comment_status":"open","ping_status":"closed","template":"","meta":[],"product_brand":[],"product_cat":[191],"product_tag":[],"class_list":{"0":"post-4135","1":"product","2":"type-product","3":"status-publish","4":"has-post-thumbnail","6":"product_cat-consumibles","7":"yith_product_brand-hp","9":"first","10":"instock","11":"taxable","12":"shipping-taxable","13":"product-type-simple"},"acf":[],"jetpack_sharing_enabled":true,"_links":{"self":[{"href":"https:\/\/officecomputers.net\/index.php\/wp-json\/wp\/v2\/product\/4135","targetHints":{"allow":["GET"]}}],"collection":[{"href":"https:\/\/officecomputers.net\/index.php\/wp-json\/wp\/v2\/product"}],"about":[{"href":"https:\/\/officecomputers.net\/index.php\/wp-json\/wp\/v2\/types\/product"}],"replies":[{"embeddable":true,"href":"https:\/\/officecomputers.net\/index.php\/wp-json\/wp\/v2\/comments?post=4135"}],"version-history":[{"count":2,"href":"https:\/\/officecomputers.net\/index.php\/wp-json\/wp\/v2\/product\/4135\/revisions"}],"predecessor-version":[{"id":4139,"href":"https:\/\/officecomputers.net\/index.php\/wp-json\/wp\/v2\/product\/4135\/revisions\/4139"}],"wp:featuredmedia":[{"embeddable":true,"href":"https:\/\/officecomputers.net\/index.php\/wp-json\/wp\/v2\/media\/4136"}],"wp:attachment":[{"href":"https:\/\/officecomputers.net\/index.php\/wp-json\/wp\/v2\/media?parent=4135"}],"wp:term":[{"taxonomy":"product_brand","embeddable":true,"href":"https:\/\/officecomputers.net\/index.php\/wp-json\/wp\/v2\/product_brand?post=4135"},{"taxonomy":"product_cat","embeddable":true,"href":"https:\/\/officecomputers.net\/index.php\/wp-json\/wp\/v2\/product_cat?post=4135"},{"taxonomy":"product_tag","embeddable":true,"href":"https:\/\/officecomputers.net\/index.php\/wp-json\/wp\/v2\/product_tag?post=4135"}],"curies":[{"name":"wp","href":"https:\/\/api.w.org\/{rel}","templated":true}]}}