{"id":4131,"date":"2023-09-21T20:59:16","date_gmt":"2023-09-21T20:59:16","guid":{"rendered":"https:\/\/officecomputers.net\/?post_type=product&#038;p=4131"},"modified":"2025-04-03T19:57:24","modified_gmt":"2025-04-03T19:57:24","slug":"oner-hp-cf403a-megenta-201a","status":"publish","type":"product","link":"https:\/\/officecomputers.net\/index.php\/product\/oner-hp-cf403a-megenta-201a\/","title":{"rendered":"TONER HP CF403A MEGENTA 201A"},"content":{"rendered":"","protected":false},"excerpt":{"rendered":"<ul class=\"a-unordered-list a-vertical a-spacing-mini\">\n<li class=\"a-spacing-mini\"><span class=\"a-list-item\">Cartuchos originales HP de papel (aproximado): 1400\u00a0p\u00e1ginas<\/span><\/li>\n<li>\u00a0Cartuchos de t\u00f3ner de alto rendimiento con jetintelligence originales HP proporcionan una mayor eficiencia econ\u00f3mica con seguimiento fiable de t\u00f3ner niveles<\/li>\n<li class=\"a-spacing-mini\"><span class=\"a-list-item\">Producir documentos de gran calidad, a velocidades de su impresora ha sido dise\u00f1ado para lograr. t\u00f3ner original HP con jetintelligence est\u00e1 especialmente dise\u00f1ado para adaptarse a su rendimiento de alta velocidad de la impresora o multifuncional, a la vez que produce impresiones de calidad profesional<\/span><\/li>\n<li class=\"a-spacing-mini\"><span class=\"a-list-item\">Impresora HP compatibilidad: HP Color LaserJet Pro M252, M277.<\/span><\/li>\n<\/ul>\n","protected":false},"featured_media":4132,"comment_status":"open","ping_status":"closed","template":"","meta":[],"product_brand":[],"product_cat":[191],"product_tag":[],"class_list":{"0":"post-4131","1":"product","2":"type-product","3":"status-publish","4":"has-post-thumbnail","6":"product_cat-consumibles","7":"yith_product_brand-hp","9":"first","10":"instock","11":"taxable","12":"shipping-taxable","13":"product-type-simple"},"acf":[],"jetpack_sharing_enabled":true,"_links":{"self":[{"href":"https:\/\/officecomputers.net\/index.php\/wp-json\/wp\/v2\/product\/4131","targetHints":{"allow":["GET"]}}],"collection":[{"href":"https:\/\/officecomputers.net\/index.php\/wp-json\/wp\/v2\/product"}],"about":[{"href":"https:\/\/officecomputers.net\/index.php\/wp-json\/wp\/v2\/types\/product"}],"replies":[{"embeddable":true,"href":"https:\/\/officecomputers.net\/index.php\/wp-json\/wp\/v2\/comments?post=4131"}],"version-history":[{"count":2,"href":"https:\/\/officecomputers.net\/index.php\/wp-json\/wp\/v2\/product\/4131\/revisions"}],"predecessor-version":[{"id":4140,"href":"https:\/\/officecomputers.net\/index.php\/wp-json\/wp\/v2\/product\/4131\/revisions\/4140"}],"wp:featuredmedia":[{"embeddable":true,"href":"https:\/\/officecomputers.net\/index.php\/wp-json\/wp\/v2\/media\/4132"}],"wp:attachment":[{"href":"https:\/\/officecomputers.net\/index.php\/wp-json\/wp\/v2\/media?parent=4131"}],"wp:term":[{"taxonomy":"product_brand","embeddable":true,"href":"https:\/\/officecomputers.net\/index.php\/wp-json\/wp\/v2\/product_brand?post=4131"},{"taxonomy":"product_cat","embeddable":true,"href":"https:\/\/officecomputers.net\/index.php\/wp-json\/wp\/v2\/product_cat?post=4131"},{"taxonomy":"product_tag","embeddable":true,"href":"https:\/\/officecomputers.net\/index.php\/wp-json\/wp\/v2\/product_tag?post=4131"}],"curies":[{"name":"wp","href":"https:\/\/api.w.org\/{rel}","templated":true}]}}