{"id":4123,"date":"2023-09-21T20:51:40","date_gmt":"2023-09-21T20:51:40","guid":{"rendered":"https:\/\/officecomputers.net\/?post_type=product&#038;p=4123"},"modified":"2025-05-30T15:42:03","modified_gmt":"2025-05-30T15:42:03","slug":"toner-hp-cf230a-negro","status":"publish","type":"product","link":"https:\/\/officecomputers.net\/index.php\/product\/toner-hp-cf230a-negro\/","title":{"rendered":"TONER HP CF230A NEGRO"},"content":{"rendered":"","protected":false},"excerpt":{"rendered":"<ul class=\"a-unordered-list a-vertical a-spacing-mini\">\n<li class=\"a-spacing-mini\"><span class=\"a-list-item\">Este cartucho funciona con: HP LaserJet Pro M203dw; HP LaserJet Pro MFP M227fdn, M227fdw<\/span><\/li>\n<li class=\"a-spacing-mini\"><span class=\"a-list-item\">Rendimiento del cartucho (aprox. ): 1.600 p\u00e1ginas<\/span><\/li>\n<li>Impresi\u00f3n fiable de alta calidad y ahorra tiempo evitando problemas de impresi\u00f3n comunes: el t\u00f3ner original HP proporciona la experiencia de impresi\u00f3n crucial para la productividad de la oficina<\/li>\n<\/ul>\n","protected":false},"featured_media":4124,"comment_status":"open","ping_status":"closed","template":"","meta":[],"product_brand":[],"product_cat":[191],"product_tag":[],"class_list":{"0":"post-4123","1":"product","2":"type-product","3":"status-publish","4":"has-post-thumbnail","6":"product_cat-consumibles","7":"yith_product_brand-hp","9":"first","10":"instock","11":"taxable","12":"shipping-taxable","13":"product-type-simple"},"acf":[],"jetpack_sharing_enabled":true,"_links":{"self":[{"href":"https:\/\/officecomputers.net\/index.php\/wp-json\/wp\/v2\/product\/4123","targetHints":{"allow":["GET"]}}],"collection":[{"href":"https:\/\/officecomputers.net\/index.php\/wp-json\/wp\/v2\/product"}],"about":[{"href":"https:\/\/officecomputers.net\/index.php\/wp-json\/wp\/v2\/types\/product"}],"replies":[{"embeddable":true,"href":"https:\/\/officecomputers.net\/index.php\/wp-json\/wp\/v2\/comments?post=4123"}],"version-history":[{"count":1,"href":"https:\/\/officecomputers.net\/index.php\/wp-json\/wp\/v2\/product\/4123\/revisions"}],"predecessor-version":[{"id":4126,"href":"https:\/\/officecomputers.net\/index.php\/wp-json\/wp\/v2\/product\/4123\/revisions\/4126"}],"wp:featuredmedia":[{"embeddable":true,"href":"https:\/\/officecomputers.net\/index.php\/wp-json\/wp\/v2\/media\/4124"}],"wp:attachment":[{"href":"https:\/\/officecomputers.net\/index.php\/wp-json\/wp\/v2\/media?parent=4123"}],"wp:term":[{"taxonomy":"product_brand","embeddable":true,"href":"https:\/\/officecomputers.net\/index.php\/wp-json\/wp\/v2\/product_brand?post=4123"},{"taxonomy":"product_cat","embeddable":true,"href":"https:\/\/officecomputers.net\/index.php\/wp-json\/wp\/v2\/product_cat?post=4123"},{"taxonomy":"product_tag","embeddable":true,"href":"https:\/\/officecomputers.net\/index.php\/wp-json\/wp\/v2\/product_tag?post=4123"}],"curies":[{"name":"wp","href":"https:\/\/api.w.org\/{rel}","templated":true}]}}