{"id":4107,"date":"2023-09-21T20:12:01","date_gmt":"2023-09-21T20:12:01","guid":{"rendered":"https:\/\/officecomputers.net\/?post_type=product&#038;p=4107"},"modified":"2025-04-03T19:58:10","modified_gmt":"2025-04-03T19:58:10","slug":"toner-hp-305a-original-ce410a-negro-lj-m451dw-m475dn-m475dw","status":"publish","type":"product","link":"https:\/\/officecomputers.net\/index.php\/product\/toner-hp-305a-original-ce410a-negro-lj-m451dw-m475dn-m475dw\/","title":{"rendered":"TONER HP 305A ORIGINAL CE410A NEGRO LJ M451DW\/M475DN\/M475DW"},"content":{"rendered":"","protected":false},"excerpt":{"rendered":"<ul class=\"a-unordered-list a-vertical a-spacing-mini\">\n<li class=\"a-spacing-mini\"><span class=\"a-list-item\">Cuenta con una impresi\u00f3n fiable de alta calidad y ahorra tiempo evitando problemas de impresi\u00f3n comunes: el t\u00f3ner original HP proporciona la experiencia de impresi\u00f3n crucial para la productividad de la oficina<\/span><\/li>\n<li class=\"a-spacing-mini\"><span class=\"a-list-item\">Rendimiento del cartucho (aprox. ): 2090 p\u00e1ginas<\/span><\/li>\n<li class=\"a-spacing-mini\"><span class=\"a-list-item\">Este cartucho funciona con: HP LaserJet Pro 300 color M351a; HP LaserJet Pro 300 color MFP M375nw; HP LaserJet Pro 400 color M451dn, M451dw, M451nw; HP LaserJet Pro 400 color MFP M475dn, M475dw<\/span><\/li>\n<\/ul>\n","protected":false},"featured_media":4108,"comment_status":"open","ping_status":"closed","template":"","meta":[],"product_brand":[],"product_cat":[191],"product_tag":[],"class_list":{"0":"post-4107","1":"product","2":"type-product","3":"status-publish","4":"has-post-thumbnail","6":"product_cat-consumibles","7":"yith_product_brand-hp","9":"first","10":"instock","11":"taxable","12":"shipping-taxable","13":"product-type-simple"},"acf":[],"jetpack_sharing_enabled":true,"_links":{"self":[{"href":"https:\/\/officecomputers.net\/index.php\/wp-json\/wp\/v2\/product\/4107","targetHints":{"allow":["GET"]}}],"collection":[{"href":"https:\/\/officecomputers.net\/index.php\/wp-json\/wp\/v2\/product"}],"about":[{"href":"https:\/\/officecomputers.net\/index.php\/wp-json\/wp\/v2\/types\/product"}],"replies":[{"embeddable":true,"href":"https:\/\/officecomputers.net\/index.php\/wp-json\/wp\/v2\/comments?post=4107"}],"version-history":[{"count":1,"href":"https:\/\/officecomputers.net\/index.php\/wp-json\/wp\/v2\/product\/4107\/revisions"}],"predecessor-version":[{"id":4110,"href":"https:\/\/officecomputers.net\/index.php\/wp-json\/wp\/v2\/product\/4107\/revisions\/4110"}],"wp:featuredmedia":[{"embeddable":true,"href":"https:\/\/officecomputers.net\/index.php\/wp-json\/wp\/v2\/media\/4108"}],"wp:attachment":[{"href":"https:\/\/officecomputers.net\/index.php\/wp-json\/wp\/v2\/media?parent=4107"}],"wp:term":[{"taxonomy":"product_brand","embeddable":true,"href":"https:\/\/officecomputers.net\/index.php\/wp-json\/wp\/v2\/product_brand?post=4107"},{"taxonomy":"product_cat","embeddable":true,"href":"https:\/\/officecomputers.net\/index.php\/wp-json\/wp\/v2\/product_cat?post=4107"},{"taxonomy":"product_tag","embeddable":true,"href":"https:\/\/officecomputers.net\/index.php\/wp-json\/wp\/v2\/product_tag?post=4107"}],"curies":[{"name":"wp","href":"https:\/\/api.w.org\/{rel}","templated":true}]}}