{"id":3662,"date":"2022-11-18T20:30:49","date_gmt":"2022-11-18T20:30:49","guid":{"rendered":"https:\/\/officecomputers.net\/?post_type=product&#038;p=3662"},"modified":"2025-06-06T14:25:30","modified_gmt":"2025-06-06T14:25:30","slug":"mouse-inalambrico-logitech-m170-optico-2-4ghz-1000dpi-azul","status":"publish","type":"product","link":"https:\/\/officecomputers.net\/index.php\/product\/mouse-inalambrico-logitech-m170-optico-2-4ghz-1000dpi-azul\/","title":{"rendered":"MOUSE INALAMBRICO LOGITECH M170 OPTICO 2.4GHZ 1000DPI AZUL"},"content":{"rendered":"","protected":false},"excerpt":{"rendered":"<p>Trabaja de forma inal\u00e1mbrica y mu\u00e9vete libremente (hasta a 10 m de distancia), sin pr\u00e1cticamente ning\u00fan tipo de demora ni interrupci\u00f3n.<\/p>\n","protected":false},"featured_media":3663,"comment_status":"open","ping_status":"closed","template":"","meta":[],"product_brand":[],"product_cat":[81],"product_tag":[],"class_list":{"0":"post-3662","1":"product","2":"type-product","3":"status-publish","4":"has-post-thumbnail","6":"product_cat-perifericos","8":"first","9":"instock","10":"taxable","11":"shipping-taxable","12":"product-type-simple"},"acf":[],"jetpack_sharing_enabled":true,"_links":{"self":[{"href":"https:\/\/officecomputers.net\/index.php\/wp-json\/wp\/v2\/product\/3662","targetHints":{"allow":["GET"]}}],"collection":[{"href":"https:\/\/officecomputers.net\/index.php\/wp-json\/wp\/v2\/product"}],"about":[{"href":"https:\/\/officecomputers.net\/index.php\/wp-json\/wp\/v2\/types\/product"}],"replies":[{"embeddable":true,"href":"https:\/\/officecomputers.net\/index.php\/wp-json\/wp\/v2\/comments?post=3662"}],"version-history":[{"count":1,"href":"https:\/\/officecomputers.net\/index.php\/wp-json\/wp\/v2\/product\/3662\/revisions"}],"predecessor-version":[{"id":3665,"href":"https:\/\/officecomputers.net\/index.php\/wp-json\/wp\/v2\/product\/3662\/revisions\/3665"}],"wp:featuredmedia":[{"embeddable":true,"href":"https:\/\/officecomputers.net\/index.php\/wp-json\/wp\/v2\/media\/3663"}],"wp:attachment":[{"href":"https:\/\/officecomputers.net\/index.php\/wp-json\/wp\/v2\/media?parent=3662"}],"wp:term":[{"taxonomy":"product_brand","embeddable":true,"href":"https:\/\/officecomputers.net\/index.php\/wp-json\/wp\/v2\/product_brand?post=3662"},{"taxonomy":"product_cat","embeddable":true,"href":"https:\/\/officecomputers.net\/index.php\/wp-json\/wp\/v2\/product_cat?post=3662"},{"taxonomy":"product_tag","embeddable":true,"href":"https:\/\/officecomputers.net\/index.php\/wp-json\/wp\/v2\/product_tag?post=3662"}],"curies":[{"name":"wp","href":"https:\/\/api.w.org\/{rel}","templated":true}]}}