{"id":3506,"date":"2022-07-16T18:40:02","date_gmt":"2022-07-16T18:40:02","guid":{"rendered":"https:\/\/officecomputers.net\/?post_type=product&#038;p=3506"},"modified":"2025-02-25T15:57:19","modified_gmt":"2025-02-25T15:57:19","slug":"printer-server-pm1115uw","status":"publish","type":"product","link":"https:\/\/officecomputers.net\/index.php\/product\/printer-server-pm1115uw\/","title":{"rendered":"Printer Server PM1115UW"},"content":{"rendered":"","protected":false},"excerpt":{"rendered":"<ul class=\"product-overview-features-list\" data-template=\"templateProductDetailOverviewFeatures\" data-bind=\"source: productOverviewFeaturesSource.initialItems\">\n<li><span data-bind=\"html: this\">Cumple con la norma 802.11b\/g\/n para redes inal\u00e1mbricas, con velocidades de transferencia de datos de hasta 150 Mbps<\/span><\/li>\n<li><span data-bind=\"html: this\">Compatible con USB 2.0<\/span><\/li>\n<li><span data-bind=\"html: this\">Puerto opcional RJ-45 para LAN a 10\/100 Mbps<\/span><\/li>\n<li><span data-bind=\"html: this\">Dise\u00f1o compacto, de peso ligero, con antena interna<\/span><\/li>\n<li><span data-bind=\"html: this\">Admite SNMP para la administraci\u00f3n remota de impresoras y funciona con la mayor\u00eda de las aplicaciones basadas en SNMP<\/span><\/li>\n<li><span data-bind=\"html: this\">Interfaz web de f\u00e1cil uso o configuraci\u00f3n\/instalaci\u00f3n basada en Windows<\/span><\/li>\n<li><span data-bind=\"html: this\">Bot\u00f3n integrado multifunci\u00f3n para restablecer el dispositivo y reinstalar los valores predeterminados, o bien para imprimir una p\u00e1gina de prueba<\/span><\/li>\n<li><span data-bind=\"html: this\">Bot\u00f3n integrado WPS (&#8220;WiFi Protected Setup&#8221;, configuraci\u00f3n protegida de redes inal\u00e1mbricas), que permite la sencilla conexi\u00f3n con una red inal\u00e1mbrica<\/span><\/li>\n<li><span data-bind=\"html: this\">Soporte para los protocolos de servidor\/cliente DHCP, as\u00ed como U<\/span><\/li>\n<\/ul>\n","protected":false},"featured_media":3507,"comment_status":"open","ping_status":"closed","template":"","meta":[],"product_brand":[],"product_cat":[77],"product_tag":[],"class_list":{"0":"post-3506","1":"product","2":"type-product","3":"status-publish","4":"has-post-thumbnail","6":"product_cat-accesorios","8":"first","9":"instock","10":"taxable","11":"shipping-taxable","12":"product-type-simple"},"acf":[],"jetpack_sharing_enabled":true,"_links":{"self":[{"href":"https:\/\/officecomputers.net\/index.php\/wp-json\/wp\/v2\/product\/3506","targetHints":{"allow":["GET"]}}],"collection":[{"href":"https:\/\/officecomputers.net\/index.php\/wp-json\/wp\/v2\/product"}],"about":[{"href":"https:\/\/officecomputers.net\/index.php\/wp-json\/wp\/v2\/types\/product"}],"replies":[{"embeddable":true,"href":"https:\/\/officecomputers.net\/index.php\/wp-json\/wp\/v2\/comments?post=3506"}],"version-history":[{"count":1,"href":"https:\/\/officecomputers.net\/index.php\/wp-json\/wp\/v2\/product\/3506\/revisions"}],"predecessor-version":[{"id":3512,"href":"https:\/\/officecomputers.net\/index.php\/wp-json\/wp\/v2\/product\/3506\/revisions\/3512"}],"wp:featuredmedia":[{"embeddable":true,"href":"https:\/\/officecomputers.net\/index.php\/wp-json\/wp\/v2\/media\/3507"}],"wp:attachment":[{"href":"https:\/\/officecomputers.net\/index.php\/wp-json\/wp\/v2\/media?parent=3506"}],"wp:term":[{"taxonomy":"product_brand","embeddable":true,"href":"https:\/\/officecomputers.net\/index.php\/wp-json\/wp\/v2\/product_brand?post=3506"},{"taxonomy":"product_cat","embeddable":true,"href":"https:\/\/officecomputers.net\/index.php\/wp-json\/wp\/v2\/product_cat?post=3506"},{"taxonomy":"product_tag","embeddable":true,"href":"https:\/\/officecomputers.net\/index.php\/wp-json\/wp\/v2\/product_tag?post=3506"}],"curies":[{"name":"wp","href":"https:\/\/api.w.org\/{rel}","templated":true}]}}