{"id":3102,"date":"2022-05-20T17:37:37","date_gmt":"2022-05-20T17:37:37","guid":{"rendered":"https:\/\/officecomputers.net\/?post_type=product&#038;p=3102"},"modified":"2025-02-25T16:04:48","modified_gmt":"2025-02-25T16:04:48","slug":"router-inalambrico-d-link-ac1200-dual-band-2-4-5ghz-300mbps","status":"publish","type":"product","link":"https:\/\/officecomputers.net\/index.php\/product\/router-inalambrico-d-link-ac1200-dual-band-2-4-5ghz-300mbps\/","title":{"rendered":"ROUTER INALAMBRICO D-LINK AC1200 DUAL BAND 2.4\/5GHZ 300MBPS"},"content":{"rendered":"<h4 class=\"vc_custom_heading\">El DIR-822 ofrece velocidad inal\u00e1mbrica y cobertura de alto rendimiento. Ofrece hasta 1200 Mbps(300 Mbps en 2.4GHz + 867 Mbps en 5GHz) en velocidad combinada de Wi-Fi. Viene con calidad de servicio inteligente (QoS) con priorizaci\u00f3n de tr\u00e1fico, cuatro antenas externas de alto rendimiento para un alcance m\u00e1ximo y una nueva interfaz de usuario con una configuraci\u00f3n f\u00e1cil. El DIR-822 es la combinaci\u00f3n perfecta de rendimiento y facilidad de uso.<\/h4>\n","protected":false},"excerpt":{"rendered":"<p>El DIR-822 ofrece velocidad inal\u00e1mbrica y cobertura de alto rendimiento. Ofrece hasta 1200 Mbps(300 Mbps en 2.4GHz + 867 Mbps en 5GHz) en velocidad combinada de Wi-Fi. Viene con calidad de servicio inteligente (QoS) con priorizaci\u00f3n de tr\u00e1fico, cuatro antenas externas de alto rendimiento para un alcance m\u00e1ximo y una nueva interfaz de usuario con [&hellip;]<\/p>\n","protected":false},"featured_media":3103,"comment_status":"open","ping_status":"closed","template":"","meta":[],"product_brand":[],"product_cat":[82],"product_tag":[],"class_list":{"0":"post-3102","1":"product","2":"type-product","3":"status-publish","4":"has-post-thumbnail","6":"product_cat-camaras-de-seguridad","8":"first","9":"instock","10":"taxable","11":"shipping-taxable","12":"product-type-simple"},"acf":[],"jetpack_sharing_enabled":true,"_links":{"self":[{"href":"https:\/\/officecomputers.net\/index.php\/wp-json\/wp\/v2\/product\/3102","targetHints":{"allow":["GET"]}}],"collection":[{"href":"https:\/\/officecomputers.net\/index.php\/wp-json\/wp\/v2\/product"}],"about":[{"href":"https:\/\/officecomputers.net\/index.php\/wp-json\/wp\/v2\/types\/product"}],"replies":[{"embeddable":true,"href":"https:\/\/officecomputers.net\/index.php\/wp-json\/wp\/v2\/comments?post=3102"}],"version-history":[{"count":0,"href":"https:\/\/officecomputers.net\/index.php\/wp-json\/wp\/v2\/product\/3102\/revisions"}],"wp:featuredmedia":[{"embeddable":true,"href":"https:\/\/officecomputers.net\/index.php\/wp-json\/wp\/v2\/media\/3103"}],"wp:attachment":[{"href":"https:\/\/officecomputers.net\/index.php\/wp-json\/wp\/v2\/media?parent=3102"}],"wp:term":[{"taxonomy":"product_brand","embeddable":true,"href":"https:\/\/officecomputers.net\/index.php\/wp-json\/wp\/v2\/product_brand?post=3102"},{"taxonomy":"product_cat","embeddable":true,"href":"https:\/\/officecomputers.net\/index.php\/wp-json\/wp\/v2\/product_cat?post=3102"},{"taxonomy":"product_tag","embeddable":true,"href":"https:\/\/officecomputers.net\/index.php\/wp-json\/wp\/v2\/product_tag?post=3102"}],"curies":[{"name":"wp","href":"https:\/\/api.w.org\/{rel}","templated":true}]}}